{"id":137,"date":"2022-09-27T21:04:11","date_gmt":"2022-09-27T19:04:11","guid":{"rendered":"https:\/\/sman.asso.fr\/www\/?page_id=137"},"modified":"2025-09-06T16:06:20","modified_gmt":"2025-09-06T14:06:20","slug":"de-multiples-actions-pedagogiques","status":"publish","type":"page","link":"https:\/\/sman.asso.fr\/www\/index.php\/de-multiples-actions-pedagogiques\/","title":{"rendered":"De multiples actions &#8230;"},"content":{"rendered":"\t\t<div data-elementor-type=\"wp-page\" data-elementor-id=\"137\" class=\"elementor elementor-137\">\n\t\t\t\t\t\t\t\t\t<section class=\"elementor-section elementor-top-section elementor-element elementor-element-376b452 elementor-section-boxed elementor-section-height-default elementor-section-height-default\" data-id=\"376b452\" data-element_type=\"section\">\n\t\t\t\t\t\t<div class=\"elementor-container elementor-column-gap-no\">\n\t\t\t\t\t<div class=\"elementor-column elementor-col-100 elementor-top-column elementor-element elementor-element-305ae0c\" data-id=\"305ae0c\" data-element_type=\"column\">\n\t\t\t<div class=\"elementor-widget-wrap elementor-element-populated\">\n\t\t\t\t\t\t\t\t<div class=\"elementor-element elementor-element-02bd29e elementor-widget elementor-widget-text-editor\" data-id=\"02bd29e\" data-element_type=\"widget\" data-widget_type=\"text-editor.default\">\n\t\t\t\t<div class=\"elementor-widget-container\">\n\t\t\t<style>\/*! elementor - v3.7.7 - 20-09-2022 *\/\n.elementor-widget-text-editor.elementor-drop-cap-view-stacked .elementor-drop-cap{background-color:#818a91;color:#fff}.elementor-widget-text-editor.elementor-drop-cap-view-framed .elementor-drop-cap{color:#818a91;border:3px solid;background-color:transparent}.elementor-widget-text-editor:not(.elementor-drop-cap-view-default) .elementor-drop-cap{margin-top:8px}.elementor-widget-text-editor:not(.elementor-drop-cap-view-default) .elementor-drop-cap-letter{width:1em;height:1em}.elementor-widget-text-editor .elementor-drop-cap{float:left;text-align:center;line-height:1;font-size:50px}.elementor-widget-text-editor .elementor-drop-cap-letter{display:inline-block}<\/style>\t\t\t\t<p>Tout au long de l&#8217;ann\u00e9e, la Soci\u00e9t\u00e9 de Musique Ancienne de Nice est \u00e0 l&#8217;initiative de multiples actions p\u00e9dagogiques : rencontres de nombreuses \u00e9coles et conservatoires du d\u00e9partement, masterclass, &#8230;<\/p>\t\t\t\t\t\t<\/div>\n\t\t\t\t<\/div>\n\t\t\t\t\t<\/div>\n\t\t<\/div>\n\t\t\t\t\t\t\t<\/div>\n\t\t<\/section>\n\t\t\t\t<section class=\"elementor-section elementor-top-section elementor-element elementor-element-b514733 elementor-section-boxed elementor-section-height-default elementor-section-height-default\" data-id=\"b514733\" data-element_type=\"section\">\n\t\t\t\t\t\t<div class=\"elementor-container elementor-column-gap-no\">\n\t\t\t\t\t<div class=\"elementor-column elementor-col-100 elementor-top-column elementor-element elementor-element-d2e57ec\" data-id=\"d2e57ec\" data-element_type=\"column\">\n\t\t\t<div class=\"elementor-widget-wrap elementor-element-populated\">\n\t\t\t\t\t\t\t\t<div class=\"elementor-element elementor-element-7219617 elementor-widget elementor-widget-image\" data-id=\"7219617\" data-element_type=\"widget\" data-widget_type=\"image.default\">\n\t\t\t\t<div class=\"elementor-widget-container\">\n\t\t\t<style>\/*! elementor - v3.7.7 - 20-09-2022 *\/\n.elementor-widget-image{text-align:center}.elementor-widget-image a{display:inline-block}.elementor-widget-image a img[src$=\".svg\"]{width:48px}.elementor-widget-image img{vertical-align:middle;display:inline-block}<\/style>\t\t\t\t\t\t\t\t\t\t\t\t<img loading=\"lazy\" decoding=\"async\" width=\"1024\" height=\"614\" src=\"https:\/\/sman.asso.fr\/www\/wp-content\/uploads\/2025\/09\/ACTIONS.jpg\" class=\"attachment-large size-large\" alt=\"\" srcset=\"https:\/\/sman.asso.fr\/www\/wp-content\/uploads\/2025\/09\/ACTIONS.jpg 1024w, https:\/\/sman.asso.fr\/www\/wp-content\/uploads\/2025\/09\/ACTIONS-300x180.jpg 300w, https:\/\/sman.asso.fr\/www\/wp-content\/uploads\/2025\/09\/ACTIONS-768x461.jpg 768w\" sizes=\"auto, (max-width: 1024px) 100vw, 1024px\" \/>\t\t\t\t\t\t\t\t\t\t\t\t\t\t\t<\/div>\n\t\t\t\t<\/div>\n\t\t\t\t\t<\/div>\n\t\t<\/div>\n\t\t\t\t\t\t\t<\/div>\n\t\t<\/section>\n\t\t\t\t<section class=\"elementor-section elementor-top-section elementor-element elementor-element-4bc9373 elementor-section-height-min-height elementor-section-boxed elementor-section-height-default elementor-section-items-middle\" data-id=\"4bc9373\" data-element_type=\"section\">\n\t\t\t\t\t\t<div class=\"elementor-container elementor-column-gap-no\">\n\t\t\t\t\t<div class=\"elementor-column elementor-col-100 elementor-top-column elementor-element elementor-element-2b81674\" data-id=\"2b81674\" data-element_type=\"column\">\n\t\t\t<div class=\"elementor-widget-wrap elementor-element-populated\">\n\t\t\t\t\t\t\t\t<div class=\"elementor-element elementor-element-7e2df70 elementor-widget elementor-widget-text-editor\" data-id=\"7e2df70\" data-element_type=\"widget\" data-widget_type=\"text-editor.default\">\n\t\t\t\t<div class=\"elementor-widget-container\">\n\t\t\t\t\t\t\t<p>La SMAN, qui d\u00e9sire mieux faire conna\u00eetre la musique ancienne \u00e0 un large public, organise des s\u00e9ances \u00e9ducatives afin de sensibiliser les enfants \u00e0 la Musique Baroque.<br \/>La veille de chaque concert, des classes sont invit\u00e9es avec leurs instituteurs, de 14h \u00e0 15h au Centre Culturel de la Providence.<br \/>Au cours de ces s\u00e9ances, les musiciens pr\u00e9sentent<br \/>&#8211; non seulement les \u0153uvres que les \u00e9l\u00e8ves vont d\u00e9couvrir, apprendre \u00e0 appr\u00e9cier, \u00e0 replacer dans leur \u00e9poque et leur contexte, \u00e0 diff\u00e9rencier, comparer, commenter\u2026<br \/>&#8211; mais encore, les instruments anciens sur lesquels ils jouent, distincts des instruments modernes que nous connaissons aujourd\u2019hui.<br \/>Si vous d\u00e9sirez participer \u00e0 une de ses s\u00e9ances,<\/p><p><strong>Contactez<\/strong> les b\u00e9n\u00e9voles responsables\u00a0 : Emmanuelle CATLIN ou Audrey CASOTTI <strong>par mail :<\/strong> sman.scolaires@gmail.com<\/p>\t\t\t\t\t\t<\/div>\n\t\t\t\t<\/div>\n\t\t\t\t\t<\/div>\n\t\t<\/div>\n\t\t\t\t\t\t\t<\/div>\n\t\t<\/section>\n\t\t\t\t\t\t\t<\/div>\n\t\t","protected":false},"excerpt":{"rendered":"<p>Tout au long de l&#8217;ann\u00e9e, la Soci\u00e9t\u00e9 de Musique Ancienne de Nice est \u00e0 l&#8217;initiative de multiples actions p\u00e9dagogiques : rencontres de nombreuses \u00e9coles et conservatoires du d\u00e9partement, masterclass, &#8230; La SMAN, qui d\u00e9sire mieux faire conna\u00eetre la musique ancienne \u00e0 un large public, organise des s\u00e9ances \u00e9ducatives afin de sensibiliser les enfants \u00e0 la [&hellip;]<\/p>\n","protected":false},"author":1,"featured_media":0,"parent":0,"menu_order":0,"comment_status":"closed","ping_status":"closed","template":"","meta":{"footnotes":""},"class_list":["post-137","page","type-page","status-publish","hentry","entry"],"_links":{"self":[{"href":"https:\/\/sman.asso.fr\/www\/index.php\/wp-json\/wp\/v2\/pages\/137","targetHints":{"allow":["GET"]}}],"collection":[{"href":"https:\/\/sman.asso.fr\/www\/index.php\/wp-json\/wp\/v2\/pages"}],"about":[{"href":"https:\/\/sman.asso.fr\/www\/index.php\/wp-json\/wp\/v2\/types\/page"}],"author":[{"embeddable":true,"href":"https:\/\/sman.asso.fr\/www\/index.php\/wp-json\/wp\/v2\/users\/1"}],"replies":[{"embeddable":true,"href":"https:\/\/sman.asso.fr\/www\/index.php\/wp-json\/wp\/v2\/comments?post=137"}],"version-history":[{"count":41,"href":"https:\/\/sman.asso.fr\/www\/index.php\/wp-json\/wp\/v2\/pages\/137\/revisions"}],"predecessor-version":[{"id":1086,"href":"https:\/\/sman.asso.fr\/www\/index.php\/wp-json\/wp\/v2\/pages\/137\/revisions\/1086"}],"wp:attachment":[{"href":"https:\/\/sman.asso.fr\/www\/index.php\/wp-json\/wp\/v2\/media?parent=137"}],"curies":[{"name":"wp","href":"https:\/\/api.w.org\/{rel}","templated":true}]}}