{"id":118,"date":"2022-09-27T20:27:32","date_gmt":"2022-09-27T18:27:32","guid":{"rendered":"https:\/\/sman.asso.fr\/www\/?page_id=118"},"modified":"2024-09-15T14:07:25","modified_gmt":"2024-09-15T12:07:25","slug":"lensemble-de-la-sman","status":"publish","type":"page","link":"https:\/\/sman.asso.fr\/www\/index.php\/lensemble-de-la-sman\/","title":{"rendered":"L&#8217;ensemble"},"content":{"rendered":"\t\t<div data-elementor-type=\"wp-page\" data-elementor-id=\"118\" class=\"elementor elementor-118\">\n\t\t\t\t\t\t\t\t\t<section class=\"elementor-section elementor-top-section elementor-element elementor-element-87e0e8b elementor-section-boxed elementor-section-height-default elementor-section-height-default\" data-id=\"87e0e8b\" data-element_type=\"section\">\n\t\t\t\t\t\t<div class=\"elementor-container elementor-column-gap-no\">\n\t\t\t\t\t<div class=\"elementor-column elementor-col-100 elementor-top-column elementor-element elementor-element-814c70e\" data-id=\"814c70e\" data-element_type=\"column\">\n\t\t\t<div class=\"elementor-widget-wrap elementor-element-populated\">\n\t\t\t\t\t\t\t\t<div class=\"elementor-element elementor-element-f113f5e elementor-widget elementor-widget-text-editor\" data-id=\"f113f5e\" data-element_type=\"widget\" data-widget_type=\"text-editor.default\">\n\t\t\t\t<div class=\"elementor-widget-container\">\n\t\t\t<style>\/*! elementor - v3.7.7 - 20-09-2022 *\/\n.elementor-widget-text-editor.elementor-drop-cap-view-stacked .elementor-drop-cap{background-color:#818a91;color:#fff}.elementor-widget-text-editor.elementor-drop-cap-view-framed .elementor-drop-cap{color:#818a91;border:3px solid;background-color:transparent}.elementor-widget-text-editor:not(.elementor-drop-cap-view-default) .elementor-drop-cap{margin-top:8px}.elementor-widget-text-editor:not(.elementor-drop-cap-view-default) .elementor-drop-cap-letter{width:1em;height:1em}.elementor-widget-text-editor .elementor-drop-cap{float:left;text-align:center;line-height:1;font-size:50px}.elementor-widget-text-editor .elementor-drop-cap-letter{display:inline-block}<\/style>\t\t\t\t<p>Form\u00e9 de musiciens et chanteurs des Alpes-Maritimes, l\u2019Ensemble de la Soci\u00e9t\u00e9 de Musique Ancienne s\u2019impose depuis 1992 comme une r\u00e9f\u00e9rence dans l\u2019interpr\u00e9tation des musiques du XVIe au XVIIIe si\u00e8cle. Sa structure mosa\u00efque permet d\u2019aborder tout le r\u00e9pertoire de musique de chambre de cette p\u00e9riode. Attach\u00e9s \u00e0 la restitution des \u0153uvres sur instruments d\u2019\u00e9poque, ces musiciens passionn\u00e9s allient leurs connaissances historiques \u00e0 une interpr\u00e9tation \u00e0 la fois vivante, tendre et authentique.<\/p>\t\t\t\t\t\t<\/div>\n\t\t\t\t<\/div>\n\t\t\t\t\t<\/div>\n\t\t<\/div>\n\t\t\t\t\t\t\t<\/div>\n\t\t<\/section>\n\t\t\t\t<section class=\"elementor-section elementor-top-section elementor-element elementor-element-8cb39f1 elementor-section-boxed elementor-section-height-default elementor-section-height-default\" data-id=\"8cb39f1\" data-element_type=\"section\">\n\t\t\t\t\t\t<div class=\"elementor-container elementor-column-gap-no\">\n\t\t\t\t\t<div class=\"elementor-column elementor-col-100 elementor-top-column elementor-element elementor-element-abb3a74\" data-id=\"abb3a74\" data-element_type=\"column\">\n\t\t\t<div class=\"elementor-widget-wrap elementor-element-populated\">\n\t\t\t\t\t\t\t\t<div class=\"elementor-element elementor-element-5c188e9 elementor-widget elementor-widget-image\" data-id=\"5c188e9\" data-element_type=\"widget\" data-widget_type=\"image.default\">\n\t\t\t\t<div class=\"elementor-widget-container\">\n\t\t\t<style>\/*! elementor - v3.7.7 - 20-09-2022 *\/\n.elementor-widget-image{text-align:center}.elementor-widget-image a{display:inline-block}.elementor-widget-image a img[src$=\".svg\"]{width:48px}.elementor-widget-image img{vertical-align:middle;display:inline-block}<\/style>\t\t\t\t\t\t\t\t\t\t\t\t<img loading=\"lazy\" decoding=\"async\" width=\"1024\" height=\"683\" src=\"https:\/\/sman.asso.fr\/www\/wp-content\/uploads\/2022\/09\/internet-\u200eEnsemble-vocal-La-Sestina-_-291-copie-1024x683.jpg\" class=\"attachment-large size-large\" alt=\"\" srcset=\"https:\/\/sman.asso.fr\/www\/wp-content\/uploads\/2022\/09\/internet-\u200eEnsemble-vocal-La-Sestina-_-291-copie-1024x683.jpg 1024w, https:\/\/sman.asso.fr\/www\/wp-content\/uploads\/2022\/09\/internet-\u200eEnsemble-vocal-La-Sestina-_-291-copie-300x200.jpg 300w, https:\/\/sman.asso.fr\/www\/wp-content\/uploads\/2022\/09\/internet-\u200eEnsemble-vocal-La-Sestina-_-291-copie-768x512.jpg 768w, https:\/\/sman.asso.fr\/www\/wp-content\/uploads\/2022\/09\/internet-\u200eEnsemble-vocal-La-Sestina-_-291-copie-1536x1024.jpg 1536w, https:\/\/sman.asso.fr\/www\/wp-content\/uploads\/2022\/09\/internet-\u200eEnsemble-vocal-La-Sestina-_-291-copie-1000x667.jpg 1000w, https:\/\/sman.asso.fr\/www\/wp-content\/uploads\/2022\/09\/internet-\u200eEnsemble-vocal-La-Sestina-_-291-copie-230x153.jpg 230w, https:\/\/sman.asso.fr\/www\/wp-content\/uploads\/2022\/09\/internet-\u200eEnsemble-vocal-La-Sestina-_-291-copie-350x233.jpg 350w, https:\/\/sman.asso.fr\/www\/wp-content\/uploads\/2022\/09\/internet-\u200eEnsemble-vocal-La-Sestina-_-291-copie-480x320.jpg 480w, https:\/\/sman.asso.fr\/www\/wp-content\/uploads\/2022\/09\/internet-\u200eEnsemble-vocal-La-Sestina-_-291-copie.jpg 1920w\" sizes=\"auto, (max-width: 1024px) 100vw, 1024px\" \/>\t\t\t\t\t\t\t\t\t\t\t\t\t\t\t<\/div>\n\t\t\t\t<\/div>\n\t\t\t\t\t<\/div>\n\t\t<\/div>\n\t\t\t\t\t\t\t<\/div>\n\t\t<\/section>\n\t\t\t\t<section class=\"elementor-section elementor-top-section elementor-element elementor-element-fd547d6 elementor-section-boxed elementor-section-height-default elementor-section-height-default\" data-id=\"fd547d6\" data-element_type=\"section\">\n\t\t\t\t\t\t<div class=\"elementor-container elementor-column-gap-no\">\n\t\t\t\t\t<div class=\"elementor-column elementor-col-100 elementor-top-column elementor-element elementor-element-9879a10\" data-id=\"9879a10\" data-element_type=\"column\">\n\t\t\t<div class=\"elementor-widget-wrap elementor-element-populated\">\n\t\t\t\t\t\t\t\t<div class=\"elementor-element elementor-element-4727dc9 elementor-widget elementor-widget-text-editor\" data-id=\"4727dc9\" data-element_type=\"widget\" data-widget_type=\"text-editor.default\">\n\t\t\t\t<div class=\"elementor-widget-container\">\n\t\t\t\t\t\t\t<p>En qualit\u00e9 d\u2019orchestre r\u00e9sident du Centre Culturel de La Providence \u2014 g\u00e9r\u00e9 par La Semeuse, l\u2019Ensemble de la Soci\u00e9t\u00e9 de Musique Ancienne se donne pour mission de mieux faire conna\u00eetre la musique et les instruments anciens en organisant des actions de sensibilisation aupr\u00e8s de jeunes publics et des concerts tout au long de la saison.<\/p><p>En cr\u00e9ant cet Ensemble, la Soci\u00e9t\u00e9 de Musique Ancienne de Nice a donn\u00e9 une dimension compl\u00e9mentaire \u00e0 sa structure enti\u00e8rement destin\u00e9e \u00e0 la promotion, la diffusion et l\u2019enseignement de la musique ancienne. Octobre 1998 a salu\u00e9 la sortie d\u2019un CD consacr\u00e9 \u00e0 la musique vocale et instrumentale de compositeurs italiens et allemands \u2014 parfois in\u00e9dits \u2014 du XVIIIe si\u00e8cle. Le Printemps 2008 a vu la sortie du deuxi\u00e8me CD de l&#8217;ensemble consacr\u00e9 \u00e0 Johann S\u00e9bastian Bach, avec les concertos brandebourgeois n.2 et 4, le concerto en r\u00e9 mineur pour violon et orchestre, et un choix de sinfonia pour hautbois, basson, fl\u00fbte \u00e0 bec, viole d&#8217;amour\u2026<\/p>\t\t\t\t\t\t<\/div>\n\t\t\t\t<\/div>\n\t\t\t\t\t<\/div>\n\t\t<\/div>\n\t\t\t\t\t\t\t<\/div>\n\t\t<\/section>\n\t\t\t\t<section class=\"elementor-section elementor-top-section elementor-element elementor-element-b1b18fb elementor-section-boxed elementor-section-height-default elementor-section-height-default\" data-id=\"b1b18fb\" data-element_type=\"section\">\n\t\t\t\t\t\t<div class=\"elementor-container elementor-column-gap-default\">\n\t\t\t\t\t<div class=\"elementor-column elementor-col-100 elementor-top-column elementor-element elementor-element-d2ffbfd\" data-id=\"d2ffbfd\" data-element_type=\"column\">\n\t\t\t<div class=\"elementor-widget-wrap\">\n\t\t\t\t\t\t\t\t\t<\/div>\n\t\t<\/div>\n\t\t\t\t\t\t\t<\/div>\n\t\t<\/section>\n\t\t\t\t<section class=\"elementor-section elementor-top-section elementor-element elementor-element-348adc2 elementor-section-boxed elementor-section-height-default elementor-section-height-default\" data-id=\"348adc2\" data-element_type=\"section\">\n\t\t\t\t\t\t<div class=\"elementor-container elementor-column-gap-default\">\n\t\t\t\t\t<div class=\"elementor-column elementor-col-33 elementor-top-column elementor-element elementor-element-9786266\" data-id=\"9786266\" data-element_type=\"column\">\n\t\t\t<div class=\"elementor-widget-wrap elementor-element-populated\">\n\t\t\t\t\t\t\t\t<div class=\"elementor-element elementor-element-803a83f elementor-aspect-ratio-169 elementor-widget elementor-widget-video\" data-id=\"803a83f\" data-element_type=\"widget\" data-settings=\"{&quot;youtube_url&quot;:&quot;https:\\\/\\\/www.youtube.com\\\/watch?v=gqqrQJN5xLw&quot;,&quot;video_type&quot;:&quot;youtube&quot;,&quot;controls&quot;:&quot;yes&quot;,&quot;aspect_ratio&quot;:&quot;169&quot;}\" data-widget_type=\"video.default\">\n\t\t\t\t<div class=\"elementor-widget-container\">\n\t\t\t<style>\/*! elementor - v3.7.7 - 20-09-2022 *\/\n.elementor-widget-video .elementor-widget-container{overflow:hidden;-webkit-transform:translateZ(0);transform:translateZ(0)}.elementor-widget-video .elementor-open-inline .elementor-custom-embed-image-overlay{position:absolute;top:0;left:0;width:100%;height:100%;background-size:cover;background-position:50%}.elementor-widget-video .elementor-custom-embed-image-overlay{cursor:pointer;text-align:center}.elementor-widget-video .elementor-custom-embed-image-overlay:hover .elementor-custom-embed-play i{opacity:1}.elementor-widget-video .elementor-custom-embed-image-overlay img{display:block;width:100%}.elementor-widget-video .e-hosted-video .elementor-video{-o-object-fit:cover;object-fit:cover}.e-container>.elementor-widget-video{width:var(--container-widget-width,100%)}<\/style>\t\t<div class=\"elementor-wrapper elementor-fit-aspect-ratio elementor-open-inline\">\n\t\t\t<div class=\"elementor-video\"><\/div>\t\t<\/div>\n\t\t\t\t<\/div>\n\t\t\t\t<\/div>\n\t\t\t\t\t<\/div>\n\t\t<\/div>\n\t\t\t\t<div class=\"elementor-column elementor-col-33 elementor-top-column elementor-element elementor-element-c213797\" data-id=\"c213797\" data-element_type=\"column\">\n\t\t\t<div class=\"elementor-widget-wrap elementor-element-populated\">\n\t\t\t\t\t\t\t\t<div class=\"elementor-element elementor-element-ac286e8 elementor-aspect-ratio-169 elementor-widget elementor-widget-video\" data-id=\"ac286e8\" data-element_type=\"widget\" data-settings=\"{&quot;youtube_url&quot;:&quot;https:\\\/\\\/www.youtube.com\\\/watch?v=VLjYbXLvaiQ&quot;,&quot;video_type&quot;:&quot;youtube&quot;,&quot;controls&quot;:&quot;yes&quot;,&quot;aspect_ratio&quot;:&quot;169&quot;}\" data-widget_type=\"video.default\">\n\t\t\t\t<div class=\"elementor-widget-container\">\n\t\t\t\t\t<div class=\"elementor-wrapper elementor-fit-aspect-ratio elementor-open-inline\">\n\t\t\t<div class=\"elementor-video\"><\/div>\t\t<\/div>\n\t\t\t\t<\/div>\n\t\t\t\t<\/div>\n\t\t\t\t\t<\/div>\n\t\t<\/div>\n\t\t\t\t<div class=\"elementor-column elementor-col-33 elementor-top-column elementor-element elementor-element-06d8f86\" data-id=\"06d8f86\" data-element_type=\"column\">\n\t\t\t<div class=\"elementor-widget-wrap elementor-element-populated\">\n\t\t\t\t\t\t\t\t<div class=\"elementor-element elementor-element-78dcdba elementor-aspect-ratio-169 elementor-widget elementor-widget-video\" data-id=\"78dcdba\" data-element_type=\"widget\" data-settings=\"{&quot;youtube_url&quot;:&quot;https:\\\/\\\/www.youtube.com\\\/watch?v=X_I6fa1zAmA&quot;,&quot;video_type&quot;:&quot;youtube&quot;,&quot;controls&quot;:&quot;yes&quot;,&quot;aspect_ratio&quot;:&quot;169&quot;}\" data-widget_type=\"video.default\">\n\t\t\t\t<div class=\"elementor-widget-container\">\n\t\t\t\t\t<div class=\"elementor-wrapper elementor-fit-aspect-ratio elementor-open-inline\">\n\t\t\t<div class=\"elementor-video\"><\/div>\t\t<\/div>\n\t\t\t\t<\/div>\n\t\t\t\t<\/div>\n\t\t\t\t\t<\/div>\n\t\t<\/div>\n\t\t\t\t\t\t\t<\/div>\n\t\t<\/section>\n\t\t\t\t<section class=\"elementor-section elementor-top-section elementor-element elementor-element-c278321 elementor-section-boxed elementor-section-height-default elementor-section-height-default\" data-id=\"c278321\" data-element_type=\"section\">\n\t\t\t\t\t\t<div class=\"elementor-container elementor-column-gap-default\">\n\t\t\t\t\t<div class=\"elementor-column elementor-col-33 elementor-top-column elementor-element elementor-element-9b445c4\" data-id=\"9b445c4\" data-element_type=\"column\">\n\t\t\t<div class=\"elementor-widget-wrap elementor-element-populated\">\n\t\t\t\t\t\t\t\t<div class=\"elementor-element elementor-element-8783c21 elementor-aspect-ratio-169 elementor-widget elementor-widget-video\" data-id=\"8783c21\" data-element_type=\"widget\" data-settings=\"{&quot;youtube_url&quot;:&quot;https:\\\/\\\/www.youtube.com\\\/watch?v=n3jzPb1Z_mI&quot;,&quot;video_type&quot;:&quot;youtube&quot;,&quot;controls&quot;:&quot;yes&quot;,&quot;aspect_ratio&quot;:&quot;169&quot;}\" data-widget_type=\"video.default\">\n\t\t\t\t<div class=\"elementor-widget-container\">\n\t\t\t\t\t<div class=\"elementor-wrapper elementor-fit-aspect-ratio elementor-open-inline\">\n\t\t\t<div class=\"elementor-video\"><\/div>\t\t<\/div>\n\t\t\t\t<\/div>\n\t\t\t\t<\/div>\n\t\t\t\t\t<\/div>\n\t\t<\/div>\n\t\t\t\t<div class=\"elementor-column elementor-col-33 elementor-top-column elementor-element elementor-element-16e5012\" data-id=\"16e5012\" data-element_type=\"column\">\n\t\t\t<div class=\"elementor-widget-wrap elementor-element-populated\">\n\t\t\t\t\t\t\t\t<div class=\"elementor-element elementor-element-1c4e481 elementor-aspect-ratio-169 elementor-widget elementor-widget-video\" data-id=\"1c4e481\" data-element_type=\"widget\" data-settings=\"{&quot;youtube_url&quot;:&quot;https:\\\/\\\/www.youtube.com\\\/watch?v=CJB1DmIgcY4&quot;,&quot;video_type&quot;:&quot;youtube&quot;,&quot;controls&quot;:&quot;yes&quot;,&quot;aspect_ratio&quot;:&quot;169&quot;}\" data-widget_type=\"video.default\">\n\t\t\t\t<div class=\"elementor-widget-container\">\n\t\t\t\t\t<div class=\"elementor-wrapper elementor-fit-aspect-ratio elementor-open-inline\">\n\t\t\t<div class=\"elementor-video\"><\/div>\t\t<\/div>\n\t\t\t\t<\/div>\n\t\t\t\t<\/div>\n\t\t\t\t\t<\/div>\n\t\t<\/div>\n\t\t\t\t<div class=\"elementor-column elementor-col-33 elementor-top-column elementor-element elementor-element-d0a2255\" data-id=\"d0a2255\" data-element_type=\"column\">\n\t\t\t<div class=\"elementor-widget-wrap elementor-element-populated\">\n\t\t\t\t\t\t\t\t<div class=\"elementor-element elementor-element-e523d96 elementor-aspect-ratio-169 elementor-widget elementor-widget-video\" data-id=\"e523d96\" data-element_type=\"widget\" data-settings=\"{&quot;youtube_url&quot;:&quot;https:\\\/\\\/www.youtube.com\\\/watch?v=jhBGjnLgEE8&quot;,&quot;video_type&quot;:&quot;youtube&quot;,&quot;controls&quot;:&quot;yes&quot;,&quot;aspect_ratio&quot;:&quot;169&quot;}\" data-widget_type=\"video.default\">\n\t\t\t\t<div class=\"elementor-widget-container\">\n\t\t\t\t\t<div class=\"elementor-wrapper elementor-fit-aspect-ratio elementor-open-inline\">\n\t\t\t<div class=\"elementor-video\"><\/div>\t\t<\/div>\n\t\t\t\t<\/div>\n\t\t\t\t<\/div>\n\t\t\t\t\t<\/div>\n\t\t<\/div>\n\t\t\t\t\t\t\t<\/div>\n\t\t<\/section>\n\t\t\t\t\t\t\t<\/div>\n\t\t","protected":false},"excerpt":{"rendered":"<p>Form\u00e9 de musiciens et chanteurs des Alpes-Maritimes, l\u2019Ensemble de la Soci\u00e9t\u00e9 de Musique Ancienne s\u2019impose depuis 1992 comme une r\u00e9f\u00e9rence dans l\u2019interpr\u00e9tation des musiques du XVIe au XVIIIe si\u00e8cle. Sa structure mosa\u00efque permet d\u2019aborder tout le r\u00e9pertoire de musique de chambre de cette p\u00e9riode. Attach\u00e9s \u00e0 la restitution des \u0153uvres sur instruments d\u2019\u00e9poque, ces musiciens [&hellip;]<\/p>\n","protected":false},"author":1,"featured_media":0,"parent":0,"menu_order":0,"comment_status":"closed","ping_status":"closed","template":"","meta":{"footnotes":""},"class_list":["post-118","page","type-page","status-publish","hentry","entry"],"_links":{"self":[{"href":"https:\/\/sman.asso.fr\/www\/index.php\/wp-json\/wp\/v2\/pages\/118","targetHints":{"allow":["GET"]}}],"collection":[{"href":"https:\/\/sman.asso.fr\/www\/index.php\/wp-json\/wp\/v2\/pages"}],"about":[{"href":"https:\/\/sman.asso.fr\/www\/index.php\/wp-json\/wp\/v2\/types\/page"}],"author":[{"embeddable":true,"href":"https:\/\/sman.asso.fr\/www\/index.php\/wp-json\/wp\/v2\/users\/1"}],"replies":[{"embeddable":true,"href":"https:\/\/sman.asso.fr\/www\/index.php\/wp-json\/wp\/v2\/comments?post=118"}],"version-history":[{"count":17,"href":"https:\/\/sman.asso.fr\/www\/index.php\/wp-json\/wp\/v2\/pages\/118\/revisions"}],"predecessor-version":[{"id":912,"href":"https:\/\/sman.asso.fr\/www\/index.php\/wp-json\/wp\/v2\/pages\/118\/revisions\/912"}],"wp:attachment":[{"href":"https:\/\/sman.asso.fr\/www\/index.php\/wp-json\/wp\/v2\/media?parent=118"}],"curies":[{"name":"wp","href":"https:\/\/api.w.org\/{rel}","templated":true}]}}